i**2 - 2*i - 1. Let a be n(h). Let f = a + -42. What is the tens digit of f?
2
Let k be 0 - -3*(-1)/6*-12. Suppose 0 = k*p - 30*p + 5064. What is the units digit of p?
1
Let z(m) = 8*m**2 - 29*m + 12. Let x(n) = 3*n**2 - 10*n + 4. Let q(y) = 17*x(y) - 6*z(y). Let f be q(5). What is the units digit of (-9)/3 + f*1?
8
Let b(u) = 222*u - 2575. What is the tens digit of b(107)?
7
Suppose -x - 4*a + 13 = 0, -2*x - 2*x = -4*a - 32. Let r = -95 + x. Let g = r - -168. What is the tens digit of g?
8
Let i be (-5)/4 - (-100)/16. Suppose 6*p = 4*z + 9*p - 429, 3*z + i*p - 330 = 0. What is the tens digit of z?
0
Let o(l) = l**3 + 8*l**2 - 10*l - 4. Let z be o(-9). Suppose z*q + x + x - 71 = 0, 2*x - 58 = -4*q. What is the units digit of (q - (3 - -1))/1?
9
Suppose 9*t + 7*t - 1599125 = -39*t. What is the tens digit of t?
7
Let i = 2695 - 1757. What is the hundreds digit of i?
9
Let o(r) = -37*r - 14. Let z = 39 - 43. Let h be o(z). Suppose -h + 692 = 3*m. What is the hundreds digit of m?
1
Suppose 53215 = 3*y + 4*p, -12*y + 17*y + p = 88720. What is the thousands digit of y?
7
Suppose 0 = 4*d - v - 12713, -10*d + 9*d + 3*v + 3170 = 0. Let n = -1793 + d. What is the tens digit of n?
8
Suppose 2*s + 29 = 17. Let j be s/4*(-1060)/15. Suppose 0 = -2*a + 92 + j. What is the tens digit of a?
9
Let g(o) = -o**2 + 21*o - 64. Let h be g(13). Let a be (-8)/1*(0 + 1). Let i = h + a. What is the tens digit of i?
3
Suppose 3*a = 29801 + 115. What is the units digit of (a/(-42))/(4/(-14))?
1
Let o = -239 - -497. Let p = o + 75. What is the units digit of p?
3
Suppose -3*u = -2*r - 487, 3*r + u = 5*u - 730. Let k = -32 - r. What is the tens digit of k?
1
Let f = 52 - 47. Suppose 2*g - f*r + 9 = 0, 3*g - 7*g - 4*r = -24. Let n(c) = 43*c - 1. What is the units digit of n(g)?
8
Let s = -38 - -19. Let c(n) = -6*n + 17. What is the hundreds digit of c(s)?
1
Suppose -13*o = -2*o - 22. What is the units digit of o/4*(18 - -222)?
0
Suppose 0 = 5*p - 2*n - 388, 0 = -3*n - 2 - 10. What is the units digit of p?
6
Let b = -2675 + 4355. Let t = b + -908. Suppose -t = -13*d + 1282. What is the tens digit of d?
5
What is the thousands digit of 24/(-5)*133920/(-324)?
1
Let c(r) = -r**3 - r**2 + 2*r + 532. Let b be c(0). Suppose 7*w - 527 = 5*w - 3*o, -b = -2*w - 4*o. What is the tens digit of w?
5
Let d(q) = -q**2 + 16*q + 52. Let u be d(-3). What is the hundreds digit of 134*45/10*u/(-3)?
0
Let r = -821 + 827. Let l = -11 - -67. Suppose 2*o = r + l. What is the units digit of o?
1
Suppose 4*o = 6*o + 336. Let r = o + 76. Let q = r - -210. What is the hundreds digit of q?
1
Let r(w) = -3*w + 35. Let z be r(11). Let d(l) = -157*l**3 + 158*l**3 + z + l + 3*l**2 + 3*l**2. What is the units digit of d(-5)?
2
Suppose 0 = -2*a - 4*a - 24. Let q be (252/(-45))/(a/10). Suppose -117 = -q*m + 13*m. What is the tens digit of m?
1
Suppose -f + b = 4, -4*f + 2 = -2*b + 20. Let l(j) = j**3 + 6*j**2 - 13*j - 18. What is the tens digit of l(f)?
7
Suppose -o + 89 = -86. Suppose 252 = 22*t - 25*t. Let x = t + o. What is the tens digit of x?
9
Let h(s) = -2*s**2 - 22*s + 68. Let r be h(20). What is the hundreds digit of 2 + r/(-8) - (-3)/(-2)?
1
Suppose -34*j + 2*w = -37*j + 188506, 3*j + 3*w = 188511. What is the tens digit of j?
3
Let k = 504 - -22. Suppose -k*r + 532*r = 3642. What is the units digit of r?
7
Suppose w + 4*u = 2*u + 1670, 3328 = 2*w + u. Suppose -2*f = -6*f - 3*b + 1650, -4*f + 3*b = -w. Suppose 0 = 9*y - f - 360. What is the tens digit of y?
8
Suppose -s = -3*k + 50, 4*k = 4*s - 56 + 256. Let i = s - -363. What is the tens digit of i?
1
Suppose -35*x - i + 220 = -37*x, 2*i = 2*x + 220. What is the tens digit of (-4)/(-40) - 24629/x?
2
Suppose 4*r - 35558 + 6514 = -4*i, r = i + 7259. What is the units digit of r?
0
Let w(u) = 39 + 0*u**2 + 26*u - 2*u**2 + 4*u**2. Let j be w(-12). What is the tens digit of 3846/j + 6/(-15)?
5
Suppose -24481 = -z + 5*k + 94, 0 = 6*z - 4*k - 147372. What is the tens digit of z?
6
Suppose -57 = -2*t - 17. Let m be ((-1)/(t/(-608)))/(4/110). Suppose -m + 226 = -5*k. What is the hundreds digit of k?
1
Suppose 5*u - 2364 = -3*p, -2*u + 4*p + 946 = 5*p. Suppose -6*v - 162 = u. Let c = 134 + v. What is the tens digit of c?
2
Let p = -487 + 506. Suppose -504 = -p*w + w. What is the units digit of w?
8
Let q be 1/3 + 28186/(-102). Let u = q + 432. What is the units digit of u?
6
Suppose 5*r = 35749 - 749. What is the tens digit of r?
0
Let t(f) = -36*f - 140. Let k be t(-4). What is the units digit of (1269/k)/((-12)/(-32))?
6
Let u(g) = 546*g - 286*g - 56 - 296*g. What is the units digit of u(-4)?
8
Suppose 9*j = 7901 + 4951. Suppose -2*q - 203 + j = -5*o, 5*q = 4*o + 3020. What is the tens digit of q?
0
Let j = 8046 - 3598. What is the hundreds digit of j?
4
What is the tens digit of 65464/21 - 8/(-12)?
1
Suppose 7*r - 5*r - 5*f - 23 = 0, 4*f = -4. What is the units digit of r + (3 - 8) - -878?
2
Suppose -5*n - 8*i + 4*i + 53629 = 0, 0 = -4*n - i + 42912. What is the tens digit of n?
2
Suppose 62*h + 5619210 = 115*h + 44*h. What is the tens digit of h?
3
Let n be ((-7)/21)/((-3)/63). Suppose -4092 = -n*y + 633. What is the hundreds digit of y?
6
What is the thousands digit of ((-3)/(-2))/(3/(-2)*1)*-4863?
4
Let y be (0*(0 - 1))/2. Suppose -7*f - 9*f + 816 = y. What is the tens digit of f?
5
Let m(a) = -33*a**3 - 10*a**2 + 19*a - 59. What is the hundreds digit of m(-6)?
5
What is the ten thousands digit of (30/(-9) - 12/(-4))*-49227?
1
Suppose 109*o - 7*o = 563856. What is the hundreds digit of o?
5
Let w = -13235 + 20763. What is the tens digit of w?
2
What is the ten thousands digit of 17426*(15/2)/5*68/51?
3
Suppose -87*n + 92*n - 60245 = 2*k, -36147 = -3*n + k. What is the units digit of n?
9
Let m = 16641 + -5415. What is the units digit of m?
6
Let o(x) = x**2 + x - 10. Let z be o(3). Suppose -g - 702 = 4*g - 2*q, z*g = 4*q - 268. Let f = 245 + g. What is the units digit of f?
3
Let i be (-5 - (-51)/12)/(2/72). What is the tens digit of 31*25*9/i*-3?
7
Let z(u) = 65*u**2 + u + 7. Let j be z(-2). What is the units digit of j*(-2 + 3) + 5?
0
Let p be ((-3)/(-9)*-1)/(11/(-132)). Suppose 3*u - 835 = -0*b - 4*b, p*u + 620 = 3*b. What is the tens digit of b?
0
Let x be (-2)/(-7) + 33/7. Suppose x*z - 11*r + 12*r - 3802 = 0, -4*z - 5*r = -3050. What is the units digit of z?
0
Let a = -769 + 1225. Suppose 8*y - a = -0*y. What is the tens digit of y?
5
Let m be (-3828)/9 - 8/12. Let h = 22 - m. What is the units digit of (-21)/(-63) + h/6?
5
Let s = 47079 - 28190. What is the thousands digit of s?
8
Suppose -i = -140 + 126. Suppose -9*h + 4*y = -i*h + 2990, 4*y - 2392 = -4*h. What is the hundreds digit of h?
5
Let v = -135 + 205. Suppose l - 22 = -2*r, 5*r - v = -0*r + 5*l. Suppose 0 = r*d + 86 - 1622. What is the tens digit of d?
2
Let w(i) = -3*i**3 + 8*i**2 + 5*i + 4. Let q = -8 + 16. Let x be w(q). What is the units digit of x/(-45) - 4/(-18)?
2
Suppose 5*a + 3*c - 264 - 2692 = 0, -2*a + 3*c + 1174 = 0. Let o = a - 164. What is the units digit of o?
6
Let q = -20747 - -43390. What is the thousands digit of q?
2
Let w(q) = 143*q**3 - 142*q**3 + q + 1 + 2*q**2 + 7*q**2 - 5*q. What is the hundreds digit of w(-7)?
1
Suppose -46*b + 22890 = -39*b. What is the thousands digit of b?
3
Let z = -13626 - -82194. What is the ten thousands digit of z?
6
Suppose m = -1 + 2, 3*m = -r + 33. Let i(w) = -r*w**2 + 6 + 19*w**2 + 14*w**2 + 2 + 3*w. What is the tens digit of i(5)?
9
Let r be 9018/(1 - -2)*(-1)/(-2). Suppose -6*m + r = -1569. What is the units digit of m?
2
Let x be 90/60*3796/3. Suppose 9*n - 7460 = -x. What is the tens digit of n?
1
Suppose -2*q - 8146 = -2*r, r + 62*q = 67*q + 4085. What is the tens digit of r?
7
Let q = 24825 - 15451. What is the tens digit of q?
7
Let p = 60 - 127. Let a = -52 - p. What is the tens digit of 4*a/(-20) - 57/(-1)?
5
Let u(g) = 13140*g**2 + 65*g - 5. What is the units digit of u(2)?
5
Let o = -41 + 47. Suppose 5*i = o*i - 102. Let n = i + 92. What is the tens digit of n?
9
Let d = 5 - 4. Let y be (d/2)/((-2)/(-3960)). Suppose 0 = 3*t + 6*t - y. What is the hundreds digit of t?
1
Let m be (214/(-9))/(47/(-423)). Let c be (-4)/(1 + 138/(-142)). Let g = m + c. What is the tens digit of g?
7
Let l = 22511 - 9235. What is the hundr